e (-387)/(-27) - (-2)/(-6). Suppose -5*r + w = -4*r. Let q(d) = -54*d + 237. What is the remainder when q(4) is divided by r?
7
Let j = -126 - -128. Suppose 182 = 3*i + j*t, 4*t = 3*i + i - 236. What is the remainder when 118 is divided by i?
58
Let i = 307 - 307. Suppose i = 5*r + 4*j - 1234, -3*j - j = -r + 266. Calculate the remainder when r is divided by 64.
58
Suppose d + 2*u = 46, -19 + 10 = 3*u. Calculate the remainder when 248 is divided by d.
40
Let b = 17991 + -15998. Calculate the remainder when b is divided by 285.
283
Suppose 5*l - 3*v = -0*l + 2, -3*l - 2 = -5*v. What is the remainder when (5 - l)*136/32 is divided by (-30)/(-8)*16/6?
7
Let o = 911 + -614. Let y be 453/6*(15 + 2 + -7). Suppose 21*u - y - 295 = 0. Calculate the remainder when o is divided by u.
47
Let a be 114/(-27) + (-282)/(-54) + -5. Let q = 51 + -23. Let t = q + a. Calculate the remainder when 47 is divided by t.
23
Let s = -2625 + 2984. Calculate the remainder when s is divided by 60.
59
Let k = 444 - 395. Suppose a = -2*p + k, -2*p + 9 - 1 = 0. Suppose -5*r = -2*z + 1 + 58, 2*z = r + 47. What is the remainder when a is divided by z?
19
Suppose 44*z - 7327 = -4511. What is the remainder when 4605 is divided by z?
61
Let a = -4149 + 4696. What is the remainder when a is divided by 110?
107
Suppose -q = 5*z - 2820, 16*z + 8*q + 564 = 17*z. What is the remainder when z is divided by 198?
168
Let f be 0/(-4) + 1 + 1. Suppose f*h + 24 = 30. Suppose 0 = -h*g + 4*t - 3*t + 41, -5*t = -20. What is the remainder when g is divided by 4?
3
Let s(t) = t**2 - 25*t - 568. What is the remainder when 207 is divided by s(41)?
31
What is the remainder when (-1)/(-2) + 308/8 is divided by 21/(-9)*(-792)/168?
6
Suppose 0 = -3*p + 5*y + 1177, p = 4*y - 95 + 478. Suppose 26*v - p = 5*v. What is the remainder when 586 is divided by v?
16
Suppose 33*p = 2675 - 27062. Let k = p - -756. What is the remainder when 74 is divided by k?
6
Suppose k - 2*v - v = -240, -2*v - 890 = 4*k. Let y = -66 - k. Calculate the remainder when y is divided by 43.
30
Let v = -296 - -409. Suppose 5*l - 439 = -3*j + v, 4*j - 747 = -3*l. What is the remainder when j is divided by 60?
9
Let f(u) = -2*u**2 - 4*u + 10. Let z be f(-3). Let g = z + 21. What is the remainder when g is divided by (1 - -8)*2/2?
7
Let l be (6/2 + 0)/(-1) - -7. Suppose 5*t + 6*v - 11*v - 150 = 0, -l*v = -20. Calculate the remainder when 49 is divided by t.
14
Let s = -8 + 20. Suppose -4*t + s = -0*t. Suppose t*a = 2*a + 31. Calculate the remainder when a is divided by 8.
7
Let w(z) = -z**3 - 12*z**2 - 46*z - 26. Calculate the remainder when w(-8) is divided by 32.
22
Suppose -1396 = -5*z - l, -5*z - 2*l + 216 = -1176. What is the remainder when z is divided by 71?
67
Let d be (768/288)/(2/561 + 0). Calculate the remainder when (d/(-176))/(2*2/(-112)) is divided by 41.
37
Let c = 107 - -284. Let h = -257 + c. Calculate the remainder when h is divided by 16.
6
Let v = -19778 - -19888. Calculate the remainder when 1644 is divided by v.
104
Let r = 20 - -16. Suppose 5*l + r - 51 = 0. Suppose -2*o = 3*s - 51, 4*s + 0*o = l*o + 51. What is the remainder when s is divided by 8?
7
Let i = 235 + -250. Let b(t) = -2*t**2 - 29*t + 35. Calculate the remainder when b(i) is divided by 17.
3
Let n be (-6)/(-7)*(90 - 1 - 5). What is the remainder when 2 - n/40 - 564/(-5) is divided by 6?
5
Suppose 247 = 3*s - 5*a, 2*s - 4*a - 316 = -2*s. Suppose 91*d - 114*d = -8441. Calculate the remainder when d is divided by s.
71
Let n(v) = -v**2 + 4*v + 6. Let c(i) = 74*i + 1493. What is the remainder when c(-20) is divided by n(5)?
0
Suppose -2*v = t - 33, 0 = 1041*t - 1039*t - 14. Calculate the remainder when 23047 is divided by v.
11
Let m(d) = -36*d + 1899. What is the remainder when 794 is divided by m(50)?
2
Let s(q) be the third derivative of -5*q**4/4 + 146*q**3/3 + 87*q**2. What is the remainder when s(6) is divided by 13?
8
Suppose -3*x - 28 + 158 + 47 = 0. Calculate the remainder when x is divided by 30.
29
Suppose -2*q + t = -31, 4*t - 2*t = 6. Let n(c) = 3*c**3 - 20*c**2 - 7*c + 6. What is the remainder when q is divided by n(7)?
5
Let n(y) = -y**3 + 10*y**2 + 179*y + 29. What is the remainder when n(15) is divided by 13?
3
Let y be (-45)/(-18) + 3/2. Let a(w) = 7*w**2 - 9*w - 7. Calculate the remainder when 344 is divided by a(y).
68
Let w(t) be the third derivative of t**6/120 + 11*t**5/60 - 9*t**4/8 + 5*t**3/2 - 4*t**2 - 13*t. Calculate the remainder when 156 is divided by w(-13).
16
Suppose -90*b - 1150 = -115*b. Calculate the remainder when 1/4*186*444/18 is divided by b.
43
Let p(b) = 4*b**3 - 13*b**2 + 6*b + 16. Suppose 0 = -3*s + 5*l + 27, 3*s - l + 5 - 20 = 0. What is the remainder when 44 - s/((-16)/12) is divided by p(3)?
22
Let y(n) = -n**3 + 13*n**2 - 39*n + 8. Let m(j) = -j**3 + 7*j**2 - 10*j + 8. Let x be m(5). What is the remainder when 143 is divided by y(x)?
15
Let l(k) = 41*k. Let n be l(-3). Let x be -11 + (-45)/(-5) - 215. Let v = n - x. Calculate the remainder when v is divided by 32.
30
Suppose 2*x - 121 = -17. Let d(c) = 18*c**2 - 4*c - 1. Let y be d(2). Suppose 0 = 62*i - y*i + 11. What is the remainder when x is divided by i?
8
Suppose 0 = -3*s - 3*a + 78, 0*s = 2*s - 4*a - 76. Suppose d + 5*h = -10, -3*h + 5 = 3*d - 1. Calculate the remainder when s/4*12/10 is divided by d.
4
Suppose -158 = 212*w - 1006. What is the remainder when 669 is divided by w?
1
Let v = 174 - -69. Suppose -4*n - 65 = 3*z - v, 33 = n - 5*z. Let h(j) = -j**3 + 9*j**2 + 4*j - 6. What is the remainder when h(6) is divided by n?
40
Let o(b) = b**3 - 3*b**2 - 10*b - 1. Let f(j) = j**2 - 1. Let v be f(5). Calculate the remainder when o(6) is divided by (-4 - -5)*(v - 0).
23
Suppose -4*o + m + 432 = 0, 41*o = 38*o + 2*m + 329. Calculate the remainder when 620 is divided by o.
85
Suppose 4*c + 313200 = 130*c + 24*c. Calculate the remainder when c is divided by 38.
36
Let c = -4574814 - -4574829. Let l = 3 - -1. Suppose 2*z + 0*h + h - 60 = 0, 4*z - l*h = 108. What is the remainder when z is divided by c?
14
Let o = 2103 + -1983. Calculate the remainder when 2276 is divided by o.
116
Let s(c) = c**2 - 57*c - 1282. Calculate the remainder when 2606 is divided by s(75).
22
Suppose 4*s + 288 = 308. Suppose -2*l - l = 9. What is the remainder when (25/2)/(l/(-6)) is divided by s?
0
Suppose 5*b = 5*g + 1295, -b + 4*b - 1285 = 5*g. Suppose 0 = -4*h - f + 6*f - 560, -f - 280 = 2*h. Let y = h - g. What is the remainder when y is divided by 29?
27
Let u(d) = 1. Let o(z) = 2*z + 4. Let g(h) = -2*o(h) + 4*u(h). Let y = 151 + -105. What is the remainder when y is divided by g(-5)?
14
Let u = 287 - 413. What is the remainder when ((-2)/(-6))/((-2)/u) is divided by 13?
8
Let v(s) = -2*s**3 - s**2 - s - 1. Let c(k) = 6*k**2 + 5*k + 6. Let l be c(-1). Suppose 23*m = -l*m + 300. What is the remainder when v(-3) is divided by m?
7
Calculate the remainder when 43 is divided by 16/(-28)*(-154)/4.
21
Suppose 0 = -3*o - 7979 + 8252. What is the remainder when o is divided by (-1136)/(-72) - (-2)/9?
11
Suppose 3*i - 16 = 50. Let c = i + -21. Calculate the remainder when 4 is divided by c.
0
Suppose -4*b + 2*b = 4*v - 24, -3*b - 5*v = -41. Let a(l) = -l**3 + 35*l**2 + 7. Suppose 30 = 2*f - 40. What is the remainder when b is divided by a(f)?
1
Let k = 5083 - 4959. Calculate the remainder when 436 is divided by k.
64
Suppose -11*c - 15 = -16*c. Suppose -5*h = -4*h + 5, -v - c*h - 1 = 0. Calculate the remainder when 350/9 - 9/(-324)*4 is divided by v.
11
Suppose -34*f + 1604 = -4142. What is the remainder when 842 is divided by f?
166
Let h = -13354 - -13443. Calculate the remainder when 3113 is divided by h.
87
Let r = -6525 - -6966. What is the remainder when 904 is divided by r?
22
Let z = -728 + 858. What is the remainder when z is divided by 107?
23
Let w = -2121 - -2184. What is the remainder when 481 is divided by w?
40
Let f(m) = m**3 - m**2 - 2*m. Suppose 26*d - 24*d = 2*r - 236, 2*d + 352 = 3*r. Calculate the remainder when r is divided by f(3).
8
Let c(l) = 9*l**2 + l - 1. Let f be c(1). What is the remainder when 97 is divided by (-13)/(f/2 - 5)?
19
Suppose -h + 43 = 4*s, -h = -4*s + 4*h + 73. Suppose 0 = d - 24 + 20. Suppose -d*g = j + 4*j - 19, 3*j - 7 = 2*g. What